f o?
3
Let f = 1370 + -970. Suppose -3*q = q - f. What is the units digit of 10*(-8)/q*-5?
4
Let l = 8 - 2. What is the units digit of 8/(4/l*3)?
4
Suppose -4*g - 3*n = -8065, -2*g - 80*n + 4036 = -82*n. What is the units digit of g?
7
Suppose -2*p - 12 - 38 = 0. What is the tens digit of (1 + -2)*(p - -2)?
2
Let o = 20 - -98. Suppose 215 = 2*j - 3*a - 14, -j - 2*a = -o. What is the units digit of j?
6
Let b(l) = -l**2 - 9*l + 3. Let a be b(-4). Suppose 6 = 10*u - 9*u. Let r = u + a. What is the tens digit of r?
2
Let o(x) = -34*x - 33. What is the hundreds digit of o(-22)?
7
Let k = 45 - -72. Suppose 2*y - 2*q - 2*q = 114, -q - k = -2*y. What is the units digit of y?
9
Suppose 0 = 5*j + i - 4115 - 1340, 0 = 4*j + 2*i - 4364. What is the units digit of j?
1
Let b = 7850 + -5084. What is the hundreds digit of b?
7
Let f(o) = -o**3 - 15*o**2 + 16*o + 3. Let b be f(-16). What is the tens digit of (-23)/((9/b)/(-3))?
2
Suppose 34*w - 185638 + 25464 = 0. What is the tens digit of w?
1
Let n = -47 + 50. Suppose -n*w = 2*p - 196, 5*p - 202 = -3*w - 0*w. What is the units digit of w?
4
Suppose -12*x = -16*x - 708. Let o be (-36)/(-60) + x/(-5). Let k = o + -17. What is the units digit of k?
9
Let i = 2 + 4. Suppose -2*l - 132 = -i*l. What is the tens digit of l?
3
Suppose -132*f + 142*f - 19550 = 0. What is the units digit of f?
5
Let k(h) = h**2 + 114. Let f be (2 - (5 - 3))*-1. Let l be k(f). Suppose 0 = 5*n - 46 - l. What is the units digit of n?
2
Let y(d) = -d**3 - 18*d**2 - 37*d + 27. What is the tens digit of y(-16)?
0
Let a(i) = -9 - 123*i + i**2 + 65*i + 62*i - 9. What is the tens digit of a(-18)?
3
Let n(m) be the third derivative of m**6/120 - m**5/20 - m**4/6 - m**3 + m**2. Suppose 2*p - a - 7 = 0, 0*p + 5*p - a - 22 = 0. What is the units digit of n(p)?
4
Let g = -1730 - -2666. What is the hundreds digit of g?
9
Suppose 5*z = 2*f - 1 + 25, 4*f + 4 = -z. Suppose -z*u - 2*o = -1302, u - 1314 = -3*u + 2*o. What is the units digit of u?
7
Let o(y) = 14*y**2 - 13*y - 9. What is the hundreds digit of o(10)?
2
Let u(w) = 2*w + 164*w**3 + 0*w - w. Let f be u(1). Let g = f + -116. What is the units digit of g?
9
Let p(c) = 8*c**2 - 24*c + 91. What is the units digit of p(10)?
1
Suppose -y + 2*j = -6, 0*y + 15 = y - 5*j. Suppose y = -d + 58 + 114. Suppose -d = -2*o + c - 25, 2*c = o - 81. What is the tens digit of o?
7
Suppose 0 = 5*r + 3*k - 6135, -3*r + 0*r = 4*k - 3670. What is the hundreds digit of r?
2
Let w(x) = x**2 + x + 38. Let z be w(0). Let v = z + -22. What is the units digit of v?
6
Let r(l) = 22*l - 26. What is the tens digit of r(8)?
5
Suppose 5*j - j - 24 = 0. Suppose 408 = 2*m + j*m. What is the units digit of m?
1
Suppose -9337 - 543 = -4*x. What is the thousands digit of x?
2
Suppose -558 = -13*j + 7*j. What is the tens digit of j?
9
Let z be ((-24)/15)/((-3)/(-30)*-4). Suppose 4*n - 4*h + 3*h = 143, 4*n - z*h = 152. What is the units digit of n?
5
Let i = -51 + 53. What is the units digit of i/5 - 8/(-5) - -7?
9
Let q(g) be the second derivative of -7*g - 11/6*g**3 + 0 - 4*g**2. What is the tens digit of q(-5)?
4
Suppose 2*w - 42 = -5*b, 9*w - 4*w - 4*b = 39. What is the tens digit of w?
1
Let x(n) = -n**2 - 17*n + 18. Let v be (-1152)/84 + 2/(-7). What is the units digit of x(v)?
0
Suppose -27*o = -10894 - 4037. What is the units digit of o?
3
Let z(i) be the second derivative of i**3/3 - 4*i**2 - 18*i. What is the units digit of z(6)?
4
Let o(p) = -p**2 + 10*p + 11. Let r(t) = -t**3 - 12*t**2 + 3*t + 12. Let f be r(-12). Let h be (2*-2)/(12/f). What is the units digit of o(h)?
7
Suppose -3*i = 45 - 15. Let c be (-3)/9 - i/(-6). What is the units digit of (16/(-24))/(c/63)?
1
Let b be -1 - (3 + -1 + -3). Suppose 2*h - 18 - 194 = b. What is the units digit of h?
6
Let u be (-24 - -30) + (1 - 4). Suppose -3*s + 13 = -4*m, 0*m + 3*m - 48 = -u*s. What is the units digit of s?
1
Let u be (1 + (-47 - -3))/((-4)/4). Let q = 100 + u. What is the tens digit of q?
4
Suppose -1378 - 446 = 6*o. Let u = 480 + o. What is the units digit of u?
6
Let u(w) = 98*w**2 - 44*w - 259. What is the tens digit of u(-7)?
5
Let a be (-1)/(-2)*(2 - 16). Let q = a - -9. What is the units digit of (2 + 42)*1/q?
2
Suppose -20 = -2*g - 3*g. Suppose 0 = 2*c - 31 - 9. Suppose -g*q + c = q. What is the units digit of q?
4
Let x = 24 + -18. Let s be 3/9*x + 126. What is the tens digit of ((-30)/(-8))/(24/s)?
2
Suppose 0 = -2*t - 279 + 1239. What is the units digit of t?
0
What is the tens digit of (-1)/4*26*-4?
2
Let i(j) = -400*j + 1044. What is the hundreds digit of i(-11)?
4
Let r(l) be the second derivative of -1/6*l**3 - 7/2*l**2 + 8*l + 0. What is the units digit of r(-15)?
8
Let a(r) = -3 - 3 + 4*r - 4 - 1. Let l be a(7). Suppose -50 = 12*p - l*p. What is the units digit of p?
0
Let j = 130 - 85. Let w = j - 13. Suppose -a - 5*p = -80, -p + 110 = 2*a - w. What is the units digit of a?
0
Let s = -3 + 10. Suppose -4*v = -s*v + 96. Suppose -4*u + 3*q + 82 = -v, -84 = -3*u + 3*q. What is the units digit of u?
0
Suppose -u = -0*u - 2. Suppose -5*b + 2*b - 3*q = 60, 4*b - 2*q + 56 = 0. Let z = u - b. What is the tens digit of z?
1
Let g(i) = 2*i**2. Let c be g(1). Suppose -c*o + 5*s = -56, 0*o + s = -4*o + 134. What is the units digit of o?
3
Suppose -2*n = w + 81, 0 = -n - 5*w - 0*w - 54. Let b = n + 93. What is the tens digit of b?
5
Let h be (1 - -3) + 3 + -7. Let m be (0 + -1)/(2/(-6)). Suppose -m*s - 18 + 75 = f, 2*s - 5*f - 55 = h. What is the tens digit of s?
2
Suppose 672 = -5*m - 58. Let s = -222 - m. Let f = 108 + s. What is the units digit of f?
2
Let j(a) = a. Let q be j(-11). Let d = q - -7. What is the tens digit of (-1730)/(-50) + d/(-10)?
3
Let g(s) = -4*s - 1. Let u(m) = 6*m + 2. Let w(n) = 9*n + 3. Let x(l) = 8*u(l) - 5*w(l). Let z(j) = 3*g(j) + 2*x(j). What is the tens digit of z(-3)?
1
Let w(j) = -j + 11. Let x be w(9). Let c(m) = 20*m**3 - 2*m + 1. Let s be c(x). Suppose 4*d - s - 3 = 0. What is the units digit of d?
0
Let k = -20 + 8. Let w(f) = 5*f**2 - f - 2. Let z be w(-1). What is the tens digit of (-927)/k - 1/z?
7
Suppose -5*i = 5*i - 590. What is the tens digit of i?
5
Let q be 5 + 75 + 9/(-3). Let o = q + -28. What is the units digit of o?
9
Suppose -4*g - 65 = -k + 4*k, -g = -5*k - 1. Let j(v) be the first derivative of v**3/3 + 11*v**2/2 + 21*v + 2. What is the units digit of j(g)?
3
What is the units digit of (-5 + 8 + 0)*(-1569)/(-9)?
3
Suppose 9*v - 5173 = -475. What is the tens digit of v?
2
Suppose -4*p - 5 = -29. Suppose -p*u + 3*u = -2*a - 8, 2*u = -2*a + 12. Suppose -a*x = -36 - 36. What is the units digit of x?
6
Suppose -5*z + 4*u + 168 = 0, -3*u + 4*u = -5*z + 183. Let x = 129 - z. What is the tens digit of x?
9
Let c = -2 - -4. Suppose -3*w - 16 = -4*a + 326, 0 = w - c. Suppose -a = 5*y - 277. What is the units digit of y?
8
Let k(a) = a**3 - 4*a**2 - a + 5. Let b be k(4). Let s(i) = 0 + 4*i - i - i - b. What is the units digit of s(7)?
3
Let x(s) = -93*s**3 - 4*s**2 - s + 4. What is the hundreds digit of x(-2)?
7
Suppose 4*d - 2*x = 3*d + 128, 0 = 5*d - 5*x - 615. Let b = -96 + d. What is the units digit of b?
2
Suppose -4*o + 2609 = 3*s + o, -4*s + 4*o = -3500. What is the tens digit of s?
7
Let m = 6 + 15. Let l = m + -15. Suppose 2*y = l*y - 296. What is the tens digit of y?
7
Suppose -4*y + 12 = 0, 3*k - y + 27 = k. What is the units digit of (k/24)/(2/(-284))?
1
Let d be ((-12)/3 - -2)/(-2). Suppose -3*j - 5 + 1 = f, j - d = 2*f. What is the tens digit of (j - -5)*(-65)/(-10)?
2
Let a(w) = -82*w - 250. What is the units digit of a(-11)?
2
Suppose -8*w + 50 = 2*w. Suppose 191 = w*v - 14. What is the units digit of v?
1
Suppose 2*g - 12 = -2*g. Let k be 1/(1/(-8 + g)). What is the units digit of k/(-20) + (-134)/(-8)?
7
What is the hundreds digit of ((-3)/2)/(5/(-3440)*4)?
2
Let u(i) = -2 - 4 + 2 + 0*i + 3*i. Let b be u(5). Suppose 13*q - 36 = b*q. What is the tens digit of q?
1
Suppose -5*h + 2*h = -3*z, 0 = 2*z - 4*h + 8. Let l be (4*3)/(1/9). Suppose 272 - l = z*d. What is the tens digit of d?
4
Suppose 5*y - 147 = 4*y. Let h = -96 + y. What is the units digit of h?
1
Let p be 0 - 0 - 0/(-5). Suppose -180 = -4*l + 4*d, 3*d + p*d = -2*l + 80. What is the units digit of l?
3
Let t(z) = -z**3 - 6*z**2 + 2. Let